 = 3 + m. Calculate the remainder when 17 is divided by (-2 + (-15)/6)*f.
8
Let l(b) = -b - 3. Let v be l(-3). Suppose v = 5*g - 14 + 4. Suppose -3*r = -6 - 15. Calculate the remainder when r is divided by g.
1
Suppose 0 = 11*p - 69 - 96. Let d be 25 + (1 - -1) - -1. Suppose -3*r + 4*r = d. Calculate the remainder when r is divided by p.
13
Let l = 11 - 1. Suppose 5 - l = -k. Suppose 2*c - 360 = -5*d + c, 0 = -2*d - k*c + 121. What is the remainder when d is divided by 19?
16
Let m = 70 + -24. What is the remainder when m is divided by (3 - -1 - -10) + -4?
6
Let r = -126 + 127. Calculate the remainder when (-23)/(r + -2) - -4 is divided by 10.
7
Let m = -6 + 17. Suppose 85 = -6*f + f. Let k = f - -60. What is the remainder when k is divided by m?
10
Let k = -14 - -18. Suppose -4*f + 2*p = -62, -4*p = -k*f + p + 71. Calculate the remainder when f is divided by 5.
4
Suppose 7216*u - 7228*u = -204. Let q(l) = l**3 - 3*l**2 + 4*l - 3. Calculate the remainder when q(4) is divided by u.
12
Suppose -8*r - 2*r + 3490 = 0. What is the remainder when r is divided by 72?
61
Suppose 3*k + 2*g = -0*g - 2, -2*k + g - 6 = 0. Suppose -3*f + 4*u + 164 = 46, -5*u + 10 = 0. What is the remainder when f is divided by (18/k + -2)*-2?
20
Let g = -1136 + 1244. What is the remainder when 2697 is divided by g?
105
Let w(r) = 3*r**3 - 17*r**2 - 5*r + 31. What is the remainder when w(8) is divided by 26?
23
Let r(v) = v**3 + 7*v**2 - 11*v + 21. Let y be r(-9). Suppose c + 6*p = 4*p + 47, -5*c - 5*p = -225. What is the remainder when c is divided by 1/2 - y/4?
10
Suppose -3*a + 132 = 3*x - 177, -x + 4*a = -128. Suppose 3*u = 5*r + 85, -4*u + r = -3*r - x. Let z = u - 8. What is the remainder when 50 is divided by z?
16
Let w(x) = 33*x + 81. Let c(z) = -17*z - 40. Let k(b) = -9*c(b) - 5*w(b). Calculate the remainder when k(-9) is divided by 16.
15
Let r(j) = 3*j**2 - 1. Let k = 14 + 49. Calculate the remainder when k is divided by r(2).
8
Suppose 6*l = 212 + 400. Let u(t) = -4*t - 31. What is the remainder when l is divided by u(-13)?
18
Let i = 68 - 40. Suppose -i = -f + 64. What is the remainder when f is divided by 19?
16
Calculate the remainder when (-7)/(86/(-14) - -6) is divided by 4.
1
What is the remainder when 16 is divided by (3 - 2) + 48/6 + 6?
1
Let x(z) = -2*z**2 + 18*z + 3. Let k be x(9). Suppose 7*q = 2*t + 3*q - 58, 2*t - k*q - 59 = 0. Calculate the remainder when t is divided by 17.
14
Let t(x) = -x**2 - 10*x - 15. Let v be t(-8). Let c(l) = 86*l**3 + l**2. Calculate the remainder when c(v) is divided by 30.
27
Let p = 41 - 39. Suppose -m - 225 = -3*t + p*m, -2 = -m. Calculate the remainder when t is divided by 13.
12
Let j(t) = -t**3 + 6*t**2 - 6 + 2 - t - 3. Let c(i) = -2*i**3 - 8*i**2 - 12*i + 1. What is the remainder when c(-4) is divided by j(5)?
10
Let t(q) = 3*q. Let u be (3/((-18)/(-44)))/(21/(-63)). Let c = u - -25. Calculate the remainder when t(1) is divided by c.
0
Suppose -4 = -g + 4. Suppose 3*t - 25 - 8 = 0. Let h = g + t. What is the remainder when h is divided by 7?
5
Suppose 2*v = s - v - 30, 0 = 3*s - 3*v - 108. Let q(m) = 7 + 16 + 9*m**2 - 20 + 2*m. What is the remainder when s is divided by q(-1)?
9
Let p(t) be the third derivative of 11*t**5/60 + t**4/24 - t**3/3 - 20*t**2. What is the remainder when 49 is divided by p(1)?
9
Suppose 16880 = 26*x - 10*x. What is the remainder when x is divided by 32?
31
Let w(d) = d**3 - 3*d**2 - 5*d + 6. Let h be w(4). Suppose h*z - 45 = 19. Calculate the remainder when 94 is divided by z.
30
Suppose u - 2 = -0, 5*s - 67 = 4*u. Let n = -161 + 168. What is the remainder when 43*(4 - n)/(-3) is divided by s?
13
Let j(z) = 2*z**3 + 3*z**2 - 3*z + 15. What is the remainder when j(3) is divided by 8?
7
Let x(n) = 4*n - 12. Let z be x(9). What is the remainder when 53 is divided by z/18 - (-160)/6?
25
Let i be 7/3 - (-3)/(-9). Let j = i + 3. Let w(b) = 8*b - 3. What is the remainder when w(2) is divided by j?
3
Suppose -326 = -3*q - p, -q - 3*p + 106 = -0*q. Calculate the remainder when q is divided by 58.
51
Let z(t) = t**2 + 2*t + 2. Let o be z(-2). Suppose 3*a - 61 = -0*a + c, -o*c = -4*a + 84. What is the remainder when 54 is divided by a?
16
Suppose -6*k - 8*k + 560 = 0. What is the remainder when 198 is divided by k?
38
Let x(s) = s**3 - 7*s**2 + 10*s + 2. Let f(u) = -u**3 + 4*u**2 + u + 1. Let q be f(4). What is the remainder when 6 is divided by x(q)?
0
Let x(z) = 30*z + 20. Let u be x(3). Let j = u - 100. What is the remainder when 11 is divided by j?
1
Suppose 85*f + 490 = 89*f + s, -256 = -2*f + 5*s. What is the remainder when f is divided by 40?
3
Let p(v) be the first derivative of -v**3/3 - 7*v**2 - 6*v + 9. Calculate the remainder when p(-12) is divided by 3.
0
Let n = -1 + 6. Suppose 428 = -n*v + 1478. Suppose 4*d - v = -58. What is the remainder when d is divided by 10?
8
Calculate the remainder when 167 is divided by (-2037)/(-49) + 24/56.
41
Let a be 4/(-7) + (-224)/(-49). Suppose 1 = h - 0, 4*w = 4*h - a. Suppose -6*t + 72 + 42 = w. Calculate the remainder when t is divided by 5.
4
Let t = 500 + -278. What is the remainder when t is divided by 45?
42
Suppose i + 3*o - 59 = 0, 0*o - 4*o - 59 = -i. Calculate the remainder when i is divided by 230/10 + -4 + 3 + -2.
19
Suppose -2*r + 4*r = 0. Suppose -5*j = r, 3*g - j = 2*g + 33. Suppose 53*m - 1170 = -12*m. What is the remainder when g is divided by m?
15
Let x(w) = w**3 + 42*w**2 - 45*w - 82. Let a = -4 + 6. Calculate the remainder when x(-43) is divided by a.
0
Let h = 365 + -189. What is the remainder when h is divided by 59?
58
What is the remainder when 2398 is divided by 2772/55 + (-2)/5?
48
Let y = 182 + -89. Suppose 4*s - 2040 = -13*s. Suppose -162*v + 157*v + s = 0. Calculate the remainder when y is divided by v.
21
Let a = -1 + 4. Suppose 2*r - 49 = -r - 5*x, 4*x = -r + 28. Suppose -5*q + 100 = -a*j, 2*j + r = -2. What is the remainder when q is divided by 6?
5
Let i = -17 - -78. What is the remainder when 180 is divided by i?
58
Suppose 652*p - 650*p - 52 = 0. What is the remainder when 103 is divided by p?
25
Let n(w) = -w**2 + 2*w + 251. Calculate the remainder when n(-14) is divided by 2.
1
Suppose 0*t = 5*t - 30. Let y be 54/8 + t/(-8). Suppose -1 = -y*k + 209. What is the remainder when k is divided by 9?
8
Let h be 2 - (6 - (4 - 0)). Suppose -5*s - 3*u + 86 = 0, -3*s + 0*s - 3*u + 54 = h. What is the remainder when s is divided by 2?
0
Let d = -87 + 111. What is the remainder when 50 is divided by 21/12*d/3?
8
Let s = -34 - -95. Let a(x) = 2*x + 2. Calculate the remainder when s is divided by a(7).
13
Let i(v) = v**3 - 12*v**2 + 1. Let n be i(12). Let x = 27 + n. Suppose 30*h - 22 = x*h. Calculate the remainder when h is divided by 3.
2
Suppose f = 3*x - 0*x - 6, 4*x = -f + 29. Calculate the remainder when 205 is divided by f.
7
Suppose -n + 6 + 2 = 0. Suppose 5*b + 48 = n*b. Calculate the remainder when 47 is divided by b.
15
Calculate the remainder when 255 is divided by (-3)/5 + 2261/(-35)*-1.
63
Suppose 0 = -a - 4*r + 72, 0 = -2*a - 3*r + 164. Calculate the remainder when a is divided by 48.
40
Suppose 132 = 2*l + l. Let d(f) = 9*f + f - 9 - f + 3*f**2 - 4*f**2. What is the remainder when l is divided by d(6)?
8
Suppose 2*q = -3*d + 192, 3*d = 5*d - 2*q - 128. What is the remainder when 211 is divided by d?
19
Suppose 5*j = -f + 52, 4*j + 17 = 5*f + 76. Suppose 5*n - 3*b - 20 = 0, -n = -0*n + 5*b - 4. Calculate the remainder when (-56)/42*(-126)/n is divided by j.
9
Suppose -26 = 5*q - 261. Suppose s - 3*h = -2, 2*h - 10 = -s - h. Suppose 3*j - 26 = -2*y, s*j - y - 2*y = 63. What is the remainder when q is divided by j?
11
Suppose 60*j + 354 = 62*j. Let k = -5 + 25. What is the remainder when j is divided by k?
17
Suppose 102*k = 100*k + 34. Calculate the remainder when 30 is divided by k.
13
Suppose t = g + 6, 17 - 1 = 5*t + 2*g. Suppose 3 + 18 = 3*h. Calculate the remainder when h is divided by t.
3
Suppose 2 = z - 3*z. Suppose -5*w - 3*u = -21, 6 = 4*w - 4*u + 2. Calculate the remainder when w is divided by (z - -1 - 0) + 1.
0
Let i(k) be the first derivative of 3*k**2 - 30*k + 9. What is the remainder when 34 is divided by i(7)?
10
Let a = 25 + 8. What is the remainder when a is divided by 27?
6
Suppose 3*c + 